 are the prime factors of 524444?
2, 131111
What are the prime factors of 2528765?
5, 37, 13669
What are the prime factors of 21782173?
7, 23, 193, 701
List the prime factors of 503415.
3, 5, 11, 113
List the prime factors of 922785.
3, 5, 61519
What are the prime factors of 6289229?
6289229
List the prime factors of 21468658.
2, 37, 7841
What are the prime factors of 15028954?
2, 7514477
List the prime factors of 149296.
2, 7, 31, 43
List the prime factors of 97430.
2, 5, 9743
List the prime factors of 3298697.
17, 61, 3181
List the prime factors of 597533.
17, 35149
What are the prime factors of 546925?
5, 131, 167
What are the prime factors of 6099622?
2, 31, 131, 751
List the prime factors of 1346782.
2, 673391
What are the prime factors of 9772104?
2, 3, 41, 9931
What are the prime factors of 196951?
37, 5323
List the prime factors of 4802698.
2, 461, 5209
What are the prime factors of 19584?
2, 3, 17
What are the prime factors of 134366?
2, 23, 127
What are the prime factors of 179350?
2, 5, 17, 211
List the prime factors of 294137.
223, 1319
List the prime factors of 68586.
2, 3, 7, 23, 71
List the prime factors of 2821452.
2, 3, 191, 1231
What are the prime factors of 326338?
2, 163169
What are the prime factors of 53595?
3, 5, 397
What are the prime factors of 44655287?
137, 325951
List the prime factors of 648648.
2, 3, 7, 11, 13
List the prime factors of 199593.
3, 67, 331
What are the prime factors of 6821532?
2, 3, 19, 9973
List the prime factors of 304107.
3, 167, 607
List the prime factors of 17678620.
2, 5, 67, 79, 167
List the prime factors of 764623.
764623
List the prime factors of 10123916.
2, 11, 230089
What are the prime factors of 23158111?
1571, 14741
List the prime factors of 4324919.
17, 254407
List the prime factors of 4333567.
7, 233, 2657
What are the prime factors of 284514?
2, 3, 47419
List the prime factors of 17816642.
2, 19, 468859
List the prime factors of 4999034.
2, 2499517
What are the prime factors of 256195?
5, 51239
List the prime factors of 8564495.
5, 1712899
What are the prime factors of 1186769?
1186769
What are the prime factors of 676890?
2, 3, 5, 23, 109
What are the prime factors of 140107?
11, 47, 271
What are the prime factors of 786891?
3, 7, 53, 101
List the prime factors of 124440.
2, 3, 5, 17, 61
What are the prime factors of 1196854?
2, 598427
List the prime factors of 17357.
17, 1021
What are the prime factors of 146096?
2, 23, 397
What are the prime factors of 4418029?
7, 11, 181, 317
What are the prime factors of 272195?
5, 7, 11, 101
What are the prime factors of 20790884?
2, 5197721
List the prime factors of 2109503.
11, 191773
List the prime factors of 260654.
2, 53, 2459
List the prime factors of 81572.
2, 20393
List the prime factors of 8513614.
2, 4256807
What are the prime factors of 47097?
3, 5233
List the prime factors of 11732253.
3, 13, 19, 71, 223
List the prime factors of 7861845.
3, 5, 524123
List the prime factors of 9208717.
7, 23, 8171
List the prime factors of 613767.
3, 7, 11, 2657
List the prime factors of 824406.
2, 3, 11, 12491
List the prime factors of 56692.
2, 14173
List the prime factors of 4834233.
3, 31, 17327
What are the prime factors of 956077?
83, 11519
What are the prime factors of 12844?
2, 13, 19
List the prime factors of 181349.
7, 3701
What are the prime factors of 824932?
2, 206233
What are the prime factors of 1482670?
2, 5, 7, 59, 359
What are the prime factors of 24094?
2, 7, 1721
List the prime factors of 1767811.
29, 47, 1297
What are the prime factors of 3916588?
2, 13, 109, 691
List the prime factors of 2665140.
2, 3, 5, 43, 1033
List the prime factors of 16847803.
7, 71, 109, 311
List the prime factors of 22644906.
2, 3, 977, 3863
What are the prime factors of 12044215?
5, 2408843
List the prime factors of 3954261.
3, 19, 173, 401
List the prime factors of 161474.
2, 80737
List the prime factors of 722745.
3, 5, 16061
List the prime factors of 89569.
43, 2083
What are the prime factors of 6328985?
5, 13, 97369
What are the prime factors of 16323077?
17, 23, 109, 383
What are the prime factors of 197328?
2, 3, 4111
List the prime factors of 1704023.
1704023
List the prime factors of 9953719.
9953719
What are the prime factors of 860346?
2, 3, 47797
What are the prime factors of 90530?
2, 5, 11, 823
List the prime factors of 42258.
2, 3, 7043
What are the prime factors of 2328648?
2, 3, 7, 83, 167
List the prime factors of 44069.
127, 347
List the prime factors of 264832.
2, 2069
List the prime factors of 658360.
2, 5, 109, 151
List the prime factors of 1837067.
1837067
What are the prime factors of 5731661?
13, 353, 1249
What are the prime factors of 20550445?
5, 4110089
List the prime factors of 66711.
3, 37, 601
What are the prime factors of 10424964?
2, 3, 11, 78977
What are the prime factors of 305948?
2, 76487
List the prime factors of 133496.
2, 11, 37, 41
What are the prime factors of 1978007?
937, 2111
What are the prime factors of 1162251?
3, 89, 1451
List the prime factors of 2930739.
3, 7, 19937
What are the prime factors of 2762397?
3, 11, 71, 131
What are the prime factors of 921416?
2, 149, 773
What are the prime factors of 24281?
24281
List the prime factors of 5897851.
5897851
What are the prime factors of 261574?
2, 130787
What are the prime factors of 22176869?
11, 13, 155083
List the prime factors of 9180365.
5, 1836073
What are the prime factors of 22104665?
5, 11, 401903
List the prime factors of 207731.
31, 6701
What are the prime factors of 42729283?
79, 540877
List the prime factors of 159520.
2, 5, 997
List the prime factors of 3062437.
7, 401, 1091
List the prime factors of 1805715.
3, 5, 40127
List the prime factors of 1277818.
2, 103, 6203
What are the prime factors of 26369589?
3, 487, 18049
What are the prime factors of 846808?
2, 151, 701
List the prime factors of 1080544.
2, 33767
What are the prime factors of 2391521?
11, 217411
What are the prime factors of 773676?
2, 3, 21491
What are the prime factors of 3811962?
2, 3, 7, 11, 37, 223
List the prime factors of 655666.
2, 11, 29803
What are the prime factors of 457135?
5, 7, 37, 353
What are the prime factors of 265747?
265747
List the prime factors of 8172832.
2, 97, 2633
What are the prime factors of 1274935?
5, 254987
What are the prime factors of 1336186?
2, 668093
What are the prime factors of 2013187?
11, 397, 461
What are the prime factors of 2502038?
2, 7, 11, 211
List the prime factors of 1875556.
2, 468889
What are the prime factors of 3742331?
3742331
List the prime factors of 238052.
2, 59513
List the prime factors of 293695.
5, 151, 389
What are the prime factors of 2292380?
2, 5, 61, 1879
List the prime factors of 702584.
2, 31, 2833
List the prime factors of 12614.
2, 7, 17, 53
List the prime factors of 28227.
3, 97
List the prime factors of 792383.
792383
List the prime factors of 11275464.
2, 3, 469811
List the prime factors of 73473.
3, 19, 1289
List the prime factors of 76312.
2, 9539
List the prime factors of 601598.
2, 300799
List the prime factors of 15182098.
2, 2657, 2857
List the prime factors of 2018829.
3, 672943
List the prime factors of 35044.
2, 8761
What are the prime factors of 6891218?
2, 67, 51427
What are the prime factors of 16698?
2, 3, 11, 23
List the prime factors of 475018.
2, 237509
List the prime factors of 8810676.
2, 3, 7, 34963
List the prime factors of 4644824.
2, 139, 4177
List the prime factors of 447908.
2, 111977
What are the prime factors of 4500663?
3, 19, 23, 3433
What are the prime factors of 439391?
349, 1259
What are the prime factors of 747276?
2, 3, 62273
What are the prime factors of 14380549?
19, 29, 26099
What are the prime factors of 706935?
3, 5, 47129
List the prime factors of 2452574.
2, 137, 8951
List the prime factors of 323303.
271, 1193
What are the prime factors of 1932266?
2, 7, 19717
What are the prime factors of 209023?
43, 4861
What are the prime factors of 9899681?
11, 899971
List the prime factors of 41758.
2, 20879
What are the prime factors of 24642379?
607, 40597
List the prime factors of 6078933.
3, 7, 47, 2053
What are the prime factors of 44759?
11, 13, 313
List the prime factors of 143670.
2, 3, 5, 4789
List the prime factors of 145229.
7, 20747
List the prime factors of 